{"id":2518,"date":"2019-09-01T00:43:00","date_gmt":"2019-09-01T03:43:00","guid":{"rendered":"http:\/\/anawawelberg.com.br\/?post_type=product&#038;p=2518"},"modified":"2022-03-10T15:52:24","modified_gmt":"2022-03-10T18:52:24","slug":"caixa-em-madeira-1de1","status":"publish","type":"product","link":"http:\/\/anawawelberg.com.br\/?product=caixa-em-madeira-1de1","title":{"rendered":"Antiga Caixa de Ch\u00e1 Inglesa em Madeira com Tampo Machetado"},"content":{"rendered":"<p>Antiga Caixa de Ch\u00e1 Inglesa em Madeira com Tampo Machetado<\/p>\n","protected":false},"excerpt":{"rendered":"<p>Antiga Caixa de Ch\u00e1 Inglesa em Madeira com Tampo Machetado<\/p>\n","protected":false},"featured_media":3160,"template":"","meta":{"_joinchat":[]},"product_brand":[],"product_cat":[38],"product_tag":[100],"class_list":{"0":"post-2518","1":"product","2":"type-product","3":"status-publish","4":"has-post-thumbnail","6":"product_cat-obejto_decoracao","7":"product_tag-caixa-em-madeira-1de1","8":"has-featured","10":"first","11":"outofstock","12":"featured","13":"taxable","14":"shipping-taxable","15":"purchasable","16":"product-type-simple"},"yoast_head":"<!-- This site is optimized with the Yoast SEO plugin v24.8.1 - https:\/\/yoast.com\/wordpress\/plugins\/seo\/ -->\n<title>Antiga Caixa de Ch\u00e1 Inglesa em Madeira com Tampo Machetado - Ana Luiza Wawelberg<\/title>\n<meta name=\"robots\" content=\"index, follow, max-snippet:-1, max-image-preview:large, max-video-preview:-1\" \/>\n<link rel=\"canonical\" href=\"https:\/\/anawawelberg.com.br\/?product=caixa-em-madeira-1de1\" \/>\n<meta property=\"og:locale\" content=\"pt_BR\" \/>\n<meta property=\"og:type\" content=\"article\" \/>\n<meta property=\"og:title\" content=\"Antiga Caixa de Ch\u00e1 Inglesa em Madeira com Tampo Machetado - Ana Luiza Wawelberg\" \/>\n<meta property=\"og:description\" content=\"Antiga Caixa de Ch\u00e1 Inglesa em Madeira com Tampo Machetado\" \/>\n<meta property=\"og:url\" content=\"https:\/\/anawawelberg.com.br\/?product=caixa-em-madeira-1de1\" \/>\n<meta property=\"og:site_name\" content=\"Ana Luiza Wawelberg\" \/>\n<meta property=\"article:publisher\" content=\"https:\/\/www.facebook.com\/lojaanaluizawawelberg\/\" \/>\n<meta property=\"article:modified_time\" content=\"2022-03-10T18:52:24+00:00\" \/>\n<meta property=\"og:image\" content=\"https:\/\/anawawelberg.com.br\/wp-content\/uploads\/2019\/09\/Caixa_em_Madeira_1de1_02x013x011_Ana_Luiza_Wawelberg_OD15703-11-1.jpg\" \/>\n\t<meta property=\"og:image:width\" content=\"1000\" \/>\n\t<meta property=\"og:image:height\" content=\"1000\" \/>\n\t<meta property=\"og:image:type\" content=\"image\/jpeg\" \/>\n<meta name=\"twitter:card\" content=\"summary_large_image\" \/>\n<script type=\"application\/ld+json\" class=\"yoast-schema-graph\">{\"@context\":\"https:\/\/schema.org\",\"@graph\":[{\"@type\":\"WebPage\",\"@id\":\"https:\/\/anawawelberg.com.br\/?product=caixa-em-madeira-1de1\",\"url\":\"https:\/\/anawawelberg.com.br\/?product=caixa-em-madeira-1de1\",\"name\":\"Antiga Caixa de Ch\u00e1 Inglesa em Madeira com Tampo Machetado - Ana Luiza Wawelberg\",\"isPartOf\":{\"@id\":\"http:\/\/anawawelberg.com.br\/#website\"},\"primaryImageOfPage\":{\"@id\":\"https:\/\/anawawelberg.com.br\/?product=caixa-em-madeira-1de1#primaryimage\"},\"image\":{\"@id\":\"https:\/\/anawawelberg.com.br\/?product=caixa-em-madeira-1de1#primaryimage\"},\"thumbnailUrl\":\"http:\/\/anawawelberg.com.br\/wp-content\/uploads\/2019\/09\/Caixa_em_Madeira_1de1_02x013x011_Ana_Luiza_Wawelberg_OD15703-11-1.jpg\",\"datePublished\":\"2019-09-01T03:43:00+00:00\",\"dateModified\":\"2022-03-10T18:52:24+00:00\",\"breadcrumb\":{\"@id\":\"https:\/\/anawawelberg.com.br\/?product=caixa-em-madeira-1de1#breadcrumb\"},\"inLanguage\":\"pt-BR\",\"potentialAction\":[{\"@type\":\"ReadAction\",\"target\":[\"https:\/\/anawawelberg.com.br\/?product=caixa-em-madeira-1de1\"]}]},{\"@type\":\"ImageObject\",\"inLanguage\":\"pt-BR\",\"@id\":\"https:\/\/anawawelberg.com.br\/?product=caixa-em-madeira-1de1#primaryimage\",\"url\":\"http:\/\/anawawelberg.com.br\/wp-content\/uploads\/2019\/09\/Caixa_em_Madeira_1de1_02x013x011_Ana_Luiza_Wawelberg_OD15703-11-1.jpg\",\"contentUrl\":\"http:\/\/anawawelberg.com.br\/wp-content\/uploads\/2019\/09\/Caixa_em_Madeira_1de1_02x013x011_Ana_Luiza_Wawelberg_OD15703-11-1.jpg\",\"width\":1000,\"height\":1000},{\"@type\":\"BreadcrumbList\",\"@id\":\"https:\/\/anawawelberg.com.br\/?product=caixa-em-madeira-1de1#breadcrumb\",\"itemListElement\":[{\"@type\":\"ListItem\",\"position\":1,\"name\":\"In\u00edcio\",\"item\":\"http:\/\/anawawelberg.com.br\/\"},{\"@type\":\"ListItem\",\"position\":2,\"name\":\"Loja\",\"item\":\"http:\/\/anawawelberg.com.br\/?page_id=5\"},{\"@type\":\"ListItem\",\"position\":3,\"name\":\"Antiga Caixa de Ch\u00e1 Inglesa em Madeira com Tampo Machetado\"}]},{\"@type\":\"WebSite\",\"@id\":\"http:\/\/anawawelberg.com.br\/#website\",\"url\":\"http:\/\/anawawelberg.com.br\/\",\"name\":\"Ana Wawelberg\",\"description\":\"Produtos do Moderno ao Cl\u00e1ssico para Decorar a Sua Casa com muita Eleg\u00e2ncia e Originalidade \u2013 Almofada, Abajur, Cristal de Murano, M\u00f3vel, Lumin\u00e1ria, Tapete, Lustres e muito mais. Loja Decora\u00e7\u00e3o Alameda Gabriel Monteiro da Silva, S\u00e3o Paulo - SP\",\"publisher\":{\"@id\":\"http:\/\/anawawelberg.com.br\/#organization\"},\"potentialAction\":[{\"@type\":\"SearchAction\",\"target\":{\"@type\":\"EntryPoint\",\"urlTemplate\":\"http:\/\/anawawelberg.com.br\/?s={search_term_string}\"},\"query-input\":{\"@type\":\"PropertyValueSpecification\",\"valueRequired\":true,\"valueName\":\"search_term_string\"}}],\"inLanguage\":\"pt-BR\"},{\"@type\":\"Organization\",\"@id\":\"http:\/\/anawawelberg.com.br\/#organization\",\"name\":\"Ana Luiza Wawelberg\",\"url\":\"http:\/\/anawawelberg.com.br\/\",\"logo\":{\"@type\":\"ImageObject\",\"inLanguage\":\"pt-BR\",\"@id\":\"http:\/\/anawawelberg.com.br\/#\/schema\/logo\/image\/\",\"url\":\"http:\/\/anawawelberg.com.br\/wp-content\/uploads\/2020\/06\/Ana_Wawelberg_Logotipo-1.png\",\"contentUrl\":\"http:\/\/anawawelberg.com.br\/wp-content\/uploads\/2020\/06\/Ana_Wawelberg_Logotipo-1.png\",\"width\":248,\"height\":130,\"caption\":\"Ana Luiza Wawelberg\"},\"image\":{\"@id\":\"http:\/\/anawawelberg.com.br\/#\/schema\/logo\/image\/\"},\"sameAs\":[\"https:\/\/www.facebook.com\/lojaanaluizawawelberg\/\",\"https:\/\/www.instagram.com\/analuizawawelberg\/\"]}]}<\/script>\n<!-- \/ Yoast SEO plugin. -->","yoast_head_json":{"title":"Antiga Caixa de Ch\u00e1 Inglesa em Madeira com Tampo Machetado - Ana Luiza Wawelberg","robots":{"index":"index","follow":"follow","max-snippet":"max-snippet:-1","max-image-preview":"max-image-preview:large","max-video-preview":"max-video-preview:-1"},"canonical":"https:\/\/anawawelberg.com.br\/?product=caixa-em-madeira-1de1","og_locale":"pt_BR","og_type":"article","og_title":"Antiga Caixa de Ch\u00e1 Inglesa em Madeira com Tampo Machetado - Ana Luiza Wawelberg","og_description":"Antiga Caixa de Ch\u00e1 Inglesa em Madeira com Tampo Machetado","og_url":"https:\/\/anawawelberg.com.br\/?product=caixa-em-madeira-1de1","og_site_name":"Ana Luiza Wawelberg","article_publisher":"https:\/\/www.facebook.com\/lojaanaluizawawelberg\/","article_modified_time":"2022-03-10T18:52:24+00:00","og_image":[{"width":1000,"height":1000,"url":"https:\/\/anawawelberg.com.br\/wp-content\/uploads\/2019\/09\/Caixa_em_Madeira_1de1_02x013x011_Ana_Luiza_Wawelberg_OD15703-11-1.jpg","type":"image\/jpeg"}],"twitter_card":"summary_large_image","schema":{"@context":"https:\/\/schema.org","@graph":[{"@type":"WebPage","@id":"https:\/\/anawawelberg.com.br\/?product=caixa-em-madeira-1de1","url":"https:\/\/anawawelberg.com.br\/?product=caixa-em-madeira-1de1","name":"Antiga Caixa de Ch\u00e1 Inglesa em Madeira com Tampo Machetado - Ana Luiza Wawelberg","isPartOf":{"@id":"http:\/\/anawawelberg.com.br\/#website"},"primaryImageOfPage":{"@id":"https:\/\/anawawelberg.com.br\/?product=caixa-em-madeira-1de1#primaryimage"},"image":{"@id":"https:\/\/anawawelberg.com.br\/?product=caixa-em-madeira-1de1#primaryimage"},"thumbnailUrl":"http:\/\/anawawelberg.com.br\/wp-content\/uploads\/2019\/09\/Caixa_em_Madeira_1de1_02x013x011_Ana_Luiza_Wawelberg_OD15703-11-1.jpg","datePublished":"2019-09-01T03:43:00+00:00","dateModified":"2022-03-10T18:52:24+00:00","breadcrumb":{"@id":"https:\/\/anawawelberg.com.br\/?product=caixa-em-madeira-1de1#breadcrumb"},"inLanguage":"pt-BR","potentialAction":[{"@type":"ReadAction","target":["https:\/\/anawawelberg.com.br\/?product=caixa-em-madeira-1de1"]}]},{"@type":"ImageObject","inLanguage":"pt-BR","@id":"https:\/\/anawawelberg.com.br\/?product=caixa-em-madeira-1de1#primaryimage","url":"http:\/\/anawawelberg.com.br\/wp-content\/uploads\/2019\/09\/Caixa_em_Madeira_1de1_02x013x011_Ana_Luiza_Wawelberg_OD15703-11-1.jpg","contentUrl":"http:\/\/anawawelberg.com.br\/wp-content\/uploads\/2019\/09\/Caixa_em_Madeira_1de1_02x013x011_Ana_Luiza_Wawelberg_OD15703-11-1.jpg","width":1000,"height":1000},{"@type":"BreadcrumbList","@id":"https:\/\/anawawelberg.com.br\/?product=caixa-em-madeira-1de1#breadcrumb","itemListElement":[{"@type":"ListItem","position":1,"name":"In\u00edcio","item":"http:\/\/anawawelberg.com.br\/"},{"@type":"ListItem","position":2,"name":"Loja","item":"http:\/\/anawawelberg.com.br\/?page_id=5"},{"@type":"ListItem","position":3,"name":"Antiga Caixa de Ch\u00e1 Inglesa em Madeira com Tampo Machetado"}]},{"@type":"WebSite","@id":"http:\/\/anawawelberg.com.br\/#website","url":"http:\/\/anawawelberg.com.br\/","name":"Ana Wawelberg","description":"Produtos do Moderno ao Cl\u00e1ssico para Decorar a Sua Casa com muita Eleg\u00e2ncia e Originalidade \u2013 Almofada, Abajur, Cristal de Murano, M\u00f3vel, Lumin\u00e1ria, Tapete, Lustres e muito mais. Loja Decora\u00e7\u00e3o Alameda Gabriel Monteiro da Silva, S\u00e3o Paulo - SP","publisher":{"@id":"http:\/\/anawawelberg.com.br\/#organization"},"potentialAction":[{"@type":"SearchAction","target":{"@type":"EntryPoint","urlTemplate":"http:\/\/anawawelberg.com.br\/?s={search_term_string}"},"query-input":{"@type":"PropertyValueSpecification","valueRequired":true,"valueName":"search_term_string"}}],"inLanguage":"pt-BR"},{"@type":"Organization","@id":"http:\/\/anawawelberg.com.br\/#organization","name":"Ana Luiza Wawelberg","url":"http:\/\/anawawelberg.com.br\/","logo":{"@type":"ImageObject","inLanguage":"pt-BR","@id":"http:\/\/anawawelberg.com.br\/#\/schema\/logo\/image\/","url":"http:\/\/anawawelberg.com.br\/wp-content\/uploads\/2020\/06\/Ana_Wawelberg_Logotipo-1.png","contentUrl":"http:\/\/anawawelberg.com.br\/wp-content\/uploads\/2020\/06\/Ana_Wawelberg_Logotipo-1.png","width":248,"height":130,"caption":"Ana Luiza Wawelberg"},"image":{"@id":"http:\/\/anawawelberg.com.br\/#\/schema\/logo\/image\/"},"sameAs":["https:\/\/www.facebook.com\/lojaanaluizawawelberg\/","https:\/\/www.instagram.com\/analuizawawelberg\/"]}]}},"_links":{"self":[{"href":"http:\/\/anawawelberg.com.br\/index.php?rest_route=\/wp\/v2\/product\/2518","targetHints":{"allow":["GET"]}}],"collection":[{"href":"http:\/\/anawawelberg.com.br\/index.php?rest_route=\/wp\/v2\/product"}],"about":[{"href":"http:\/\/anawawelberg.com.br\/index.php?rest_route=\/wp\/v2\/types\/product"}],"wp:featuredmedia":[{"embeddable":true,"href":"http:\/\/anawawelberg.com.br\/index.php?rest_route=\/wp\/v2\/media\/3160"}],"wp:attachment":[{"href":"http:\/\/anawawelberg.com.br\/index.php?rest_route=%2Fwp%2Fv2%2Fmedia&parent=2518"}],"wp:term":[{"taxonomy":"product_brand","embeddable":true,"href":"http:\/\/anawawelberg.com.br\/index.php?rest_route=%2Fwp%2Fv2%2Fproduct_brand&post=2518"},{"taxonomy":"product_cat","embeddable":true,"href":"http:\/\/anawawelberg.com.br\/index.php?rest_route=%2Fwp%2Fv2%2Fproduct_cat&post=2518"},{"taxonomy":"product_tag","embeddable":true,"href":"http:\/\/anawawelberg.com.br\/index.php?rest_route=%2Fwp%2Fv2%2Fproduct_tag&post=2518"}],"curies":[{"name":"wp","href":"https:\/\/api.w.org\/{rel}","templated":true}]}}